{"id":1372,"date":"2016-12-15T17:53:38","date_gmt":"2016-12-15T17:53:38","guid":{"rendered":"https:\/\/gemma.c4g-pt.eu\/?page_id=1372"},"modified":"2024-04-30T09:00:12","modified_gmt":"2024-04-30T09:00:12","slug":"team-page-1","status":"publish","type":"page","link":"https:\/\/gemma.c4g-pt.eu\/index.php\/team-page-1\/","title":{"rendered":"Team"},"content":{"rendered":"<ul>\n<li>Rui Fernandes (UBI)<\/li>\n<li>Ana Margarida Godinho Ferreira (FCUL)<\/li>\n<li>Miguel Miranda (FCUL)<\/li>\n<li>David Schlaphorst (IDL)<\/li>\n<li>Gabriela Batti (UBI)<\/li>\n<li>Gra\u00e7a Silveira (ISEL)<\/li>\n<li>Jaime Almeida (UBI)<\/li>\n<li>Jo\u00e3o Duarte (FCUL)<\/li>\n<li>Jo\u00e3o Fontiela (IDL)<\/li>\n<li>Jo\u00e3o Salmim Ferreira (RAEGE-Az)<\/li>\n<li>Joaquim Luis (UAlg)<\/li>\n<li>Luisa Magalh\u00e3es (RAEGE-Az)<\/li>\n<li>Nuno Afonso Dias (ISEL)<\/li>\n<li>Pablo J. Gonzalez (CSIC, Spain)<\/li>\n<li>Pedro F. Silva (ISEL)<\/li>\n<li>Ricardo Ramalho (FCUL)<\/li>\n<li>Rui Quartau (IH)<\/li>\n<li>St\u00e9phanie Dumont (IDL)<\/li>\n<li>Filipe Rosas (FCUL)<\/li>\n<li>Mariana Moreira (RAEGE-Az)<\/li>\n<li>M\u00e1rio Moreira (ISEL)<\/li>\n<li>Marta Neres (IPMA)<\/li>\n<\/ul>\n","protected":false},"excerpt":{"rendered":"<p>Rui Fernandes (UBI) Ana Margarida Godinho Ferreira (FCUL) Miguel Miranda (FCUL) David Schlaphorst (IDL) Gabriela Batti (UBI) Gra\u00e7a Silveira (ISEL) Jaime Almeida (UBI) Jo\u00e3o Duarte (FCUL) Jo\u00e3o Fontiela (IDL) Jo\u00e3o &#8230;<\/p>\n","protected":false},"author":1,"featured_media":0,"parent":0,"menu_order":0,"comment_status":"closed","ping_status":"closed","template":"","meta":[],"_links":{"self":[{"href":"https:\/\/gemma.c4g-pt.eu\/index.php\/wp-json\/wp\/v2\/pages\/1372"}],"collection":[{"href":"https:\/\/gemma.c4g-pt.eu\/index.php\/wp-json\/wp\/v2\/pages"}],"about":[{"href":"https:\/\/gemma.c4g-pt.eu\/index.php\/wp-json\/wp\/v2\/types\/page"}],"author":[{"embeddable":true,"href":"https:\/\/gemma.c4g-pt.eu\/index.php\/wp-json\/wp\/v2\/users\/1"}],"replies":[{"embeddable":true,"href":"https:\/\/gemma.c4g-pt.eu\/index.php\/wp-json\/wp\/v2\/comments?post=1372"}],"version-history":[{"count":7,"href":"https:\/\/gemma.c4g-pt.eu\/index.php\/wp-json\/wp\/v2\/pages\/1372\/revisions"}],"predecessor-version":[{"id":1705,"href":"https:\/\/gemma.c4g-pt.eu\/index.php\/wp-json\/wp\/v2\/pages\/1372\/revisions\/1705"}],"wp:attachment":[{"href":"https:\/\/gemma.c4g-pt.eu\/index.php\/wp-json\/wp\/v2\/media?parent=1372"}],"curies":[{"name":"wp","href":"https:\/\/api.w.org\/{rel}","templated":true}]}}